 the prime factors of d.
2, 3
Let s(m) be the first derivative of -m**3/3 - 4*m**2 - 2*m - 10. Let n be ((-3)/(-2))/((-6)/16). List the prime factors of s(n).
2, 7
Suppose 4*m = -2*o - 16, 5*m = 3*o - 8*o - 65. List the prime factors of (-2)/9 - 328/o.
2, 3
What are the prime factors of (-312)/(-60)*(-5)/(-2)?
13
Suppose n + f = -0*f + 2, 5*n - 2*f = 3. Suppose -3*p + 9 = 2*t, 3*p - 4 = -p. What are the prime factors of -1 + 18/t*n?
5
Suppose 1 = 4*q + 13. Let f = -9 - -12. What are the prime factors of f/(q/(-13)) - 2?
11
Let b = -3 + 3. Suppose 4*j - 3*w + 74 = b, 3*j + w + w = -64. List the prime factors of (-132)/j + (-3)/5.
2, 3
Let a = 83 - 54. List the prime factors of a.
29
Let p = 68 - 18. What are the prime factors of p?
2, 5
Let p(w) = -w - 3. Let g be p(-7). Suppose -g*k + 9*k = 150. What are the prime factors of k?
2, 3, 5
Suppose 0 = 4*s - 4*x - x - 37, 2*s - 3*x - 21 = 0. Suppose -3*l = s*y - 51, -3*y + 4*l + 28 = y. Let o = y - -3. List the prime factors of o.
3, 5
Let a = 6 - -39. What are the prime factors of a?
3, 5
What are the prime factors of 65 + 0 + (-12)/3?
61
Let c = -4 - -7. Suppose -43 = c*h - 4*h. List the prime factors of h.
43
Let m(j) = -j**2 - 6*j + 9. Let i be m(-7). What are the prime factors of 94/10 - i/5?
3
List the prime factors of (-1)/3 + 235/3.
2, 3, 13
Let d = 9 - 8. Let p(u) = -2 + 4*u + 2. List the prime factors of p(d).
2
Let q(x) = -3*x**3 - x + 2. List the prime factors of q(-3).
2, 43
Let x = -2 + -23. Let o = x - -52. What are the prime factors of o?
3
Let i = 751 + -336. Suppose n - i = -4*n. Suppose -n = -4*t + 3*o, 4*t - 8 = 5*t + 5*o. List the prime factors of t.
17
Suppose 2*x - 5*x - 4*g + 92 = 0, 4*g + 100 = 5*x. Suppose -m - m + x = 0. What are the prime factors of m?
2, 3
Suppose -10*j = -3*j - 735. What are the prime factors of j?
3, 5, 7
Let d(u) = -2*u**3 + u + 53. What are the prime factors of d(0)?
53
Let a = -5 - -8. Suppose 0 = a*t - 2*t - 41. What are the prime factors of t?
41
Let a = -9 + -6. Let k = 0 - -5. What are the prime factors of k*(3 + a)/(-3)?
2, 5
Suppose -2*f + 12 = 2*f. Suppose 5*t + 9 = -f*l, l - 1 = -2*t - 5. Suppose 5*g = -l*b + 30, -25 = -g - 4*g - b. What are the prime factors of g?
2
Let s(l) = -l. Let k be s(-2). Let x(z) = 4*z + 2. What are the prime factors of x(k)?
2, 5
Let m be 27/4 + 1/4. Suppose 5*k = q + 71, 4*k - 4*q = m + 37. List the prime factors of k.
3, 5
Let r(u) = -4*u - 4*u + 1 - 2. What are the prime factors of r(-2)?
3, 5
Let i = -35 + 73. List the prime factors of i.
2, 19
Let s(j) = 4*j + 10. Let d be s(7). Let r = 70 - d. Suppose -2*y + r = 2*x, -4*x - 5*y + 10*y = -28. What are the prime factors of x?
2, 3
Let k = 0 + 2. Suppose 0 = -k*y - 5*m, -3*y = m + m - 22. What are the prime factors of y?
2, 5
Suppose 3*m = -12, 2*g + 2*m + 28 = 6*g. Suppose -5*f + 4*s = 6, -5*s = -f + g*f - 28. List the prime factors of 6 + 0 + f + -2.
2, 3
Let c(y) = -6*y + 2. List the prime factors of c(-4).
2, 13
Suppose -2*v - b + 4 = -v, -2*v = -2*b. Suppose 0 = 5*j, 9 - 3 = v*k - j. What are the prime factors of k?
3
Let v(x) = -x**2 - 9*x + 15. List the prime factors of v(-10).
5
Suppose 0 = 5*f - 2*b + 14, 5*b - 2 = -3*f + 2. List the prime factors of 11/(f - -1)*-1.
11
Suppose 5*k - 4*s - 160 = 43, -2*k + 101 = 5*s. Suppose -5*a + 5 = 5*q, -2 = a - 1. Suppose 5*z - k - q = 0. What are the prime factors of z?
3
What are the prime factors of 9*(56/12 + 3)?
3, 23
What are the prime factors of (-5 - -125 - -3) + -1?
2, 61
Suppose 2*p - 232 - 395 = -5*b, 1 = p. What are the prime factors of b?
5
Let f be (18/(-24))/((-2)/136). Let a = f + -23. Let i = -17 + a. List the prime factors of i.
11
Suppose 0 = -4*o - 4*z + 32, 4*z - 15 = -z. Suppose 0*t + 2*t = 8, o*t = -3*v + 56. List the prime factors of v.
2, 3
Let v be ((-1710)/12)/(3/(-4)). Suppose -7*u + 9*u = v. Suppose -d = -6*d + u. List the prime factors of d.
19
Let a(w) = 1 + 8*w**2 - 2 - 2*w - 2*w**2. What are the prime factors of a(-1)?
7
Let j(k) be the first derivative of 10*k**3/3 - k**2/2 - 2*k + 5. What are the prime factors of j(-1)?
3
Suppose -y = -4*y + 33. Let x(m) = 2*m + 2. List the prime factors of x(y).
2, 3
Let b(x) = 6*x - 8 + 13 + 2*x. What are the prime factors of b(4)?
37
Let m = 689 + -401. List the prime factors of m.
2, 3
Let v(p) = 2*p - 7. Let o be v(5). Suppose o*i - 32 = -0*i - 2*y, -28 = -3*i + 2*y. List the prime factors of i.
2, 5
Suppose 2*k - 3*k = -2. Suppose k*i = -0*i. Let a = i - -6. List the prime factors of a.
2, 3
Suppose 4 = 2*k - 6*k. Let c(f) = 5*f**2. Let d be c(k). Suppose -5*z + 15 = d*m - 3*m, -2*m = -5*z + 35. List the prime factors of z.
5
Let f be (-13 - -4)*1/(-1). Let b be 550/45 + (-2)/f. Suppose -2*a - b = -6*a. List the prime factors of a.
3
Suppose 4*n + 5 = 17, 5*u - 3*n = 116. List the prime factors of u.
5
Let f = -58 - -89. What are the prime factors of f?
31
Let r(i) = i**3 + 10*i**2 + 10*i - 4. Let x be r(-8). Suppose 4*h - 2*z - 94 = 0, -z = 2*h + z - x. What are the prime factors of h?
23
Let c(q) = -38*q + 14. List the prime factors of c(-4).
2, 83
Suppose -4*b - 62 = -5*d, -4*d - 13 + 63 = -3*b. List the prime factors of 172/14 - 4/d.
2, 3
Let o be -18 - (-4)/(-2)*1/(-1). Let d(n) = n**3 - 7*n**2 + 3*n + 7. Let z be d(6). Let f = z - o. What are the prime factors of f?
5
Let c(y) = y**3 + 6*y**2 + 3*y. List the prime factors of c(-5).
2, 5
Suppose 0 = -n + 7*h - 2*h - 23, 2*n + 21 = 5*h. Let t(y) = y + 2. Let f be t(-6). List the prime factors of (-1 - f)/(n/6).
3
Let b = 28 + 17. What are the prime factors of b?
3, 5
List the prime factors of 155 + ((-8)/(-6))/(10/15).
157
Let c(o) = o**3 - 9*o**2 - o + 9. Let t be c(9). Suppose 5*r - 4*v - 128 = t, -3*v + 90 = 3*r - v. What are the prime factors of r?
2, 7
Let c(d) = -d**2 + 6*d - 4. Let u be c(5). What are the prime factors of 44*(-6)/(-8)*u?
3, 11
What are the prime factors of -1 + 69*4/6?
3, 5
Let z(i) = -i + 9. Let y be z(0). Suppose -y - 15 = -3*t. List the prime factors of t.
2
Let h(m) = m**3 + 7*m**2 + 8*m + 4. Let u be 2 - 7/1 - 0. List the prime factors of h(u).
2, 7
Let x(i) = -i**2 + i + 33. Let v be x(0). Suppose -21 = -0*a - 5*a + 3*d, -5*a - d = -v. List the prime factors of a.
2, 3
Let r(b) = 36*b + 1. Let t be r(1). Suppose 2*u = t - 9. What are the prime factors of u?
2, 7
Let n(x) = -21*x. Let j be n(-4). Suppose 7*k - 10*k + j = 0. What are the prime factors of k?
2, 7
List the prime factors of (-4520)/(-16) + 1/2.
283
Let u(w) = 4*w + 4 + 0*w**2 - 1 - w**2. Let c be u(4). Suppose 3*d = 2*d + c. List the prime factors of d.
3
Suppose -2*z - 6 = -3*z. List the prime factors of z/(-7)*(1 - 8).
2, 3
Suppose -4*i + 27 = -i. List the prime factors of i*(0 - (-56)/12).
2, 3, 7
Let k = 101 + -31. What are the prime factors of k?
2, 5, 7
Let s be 78 - (-2 + (-9)/(-3)). Suppose -s = -n - 17. Let x = n - 40. List the prime factors of x.
2, 5
Let q = 4 - 5. Let o = 17 - 29. What are the prime factors of q/4 + (-111)/o?
3
Let r be (0 - -1)*-7*5. Let k = 50 + r. Suppose -2*i = 2*i - 4, w = -4*i + k. What are the prime factors of w?
11
Let q(k) = 21*k**3 - k. Let s be q(1). Let i = -21 + 31. Let m = s - i. What are the prime factors of m?
2, 5
Let a = 506 + -251. What are the prime factors of a?
3, 5, 17
Suppose -q = 2*k + q - 122, -178 = -3*k + 2*q. What are the prime factors of k?
2, 3, 5
Suppose 2*l + 4 + 2 = 0. Let s be -2 - (-44)/(-6)*l. Suppose 5*t - s = 35. What are the prime factors of t?
11
Let g = 373 + -68. What are the prime factors of g?
5, 61
Suppose -5*u + 25 = -5*s, -s - s + 2 = 4*u. Suppose u*n + 5 = 7*n. Let p = 3 - n. List the prime factors of p.
2
Suppose 4*x = 5*d - 18 - 27, -4*d + 36 = x. List the prime factors of d.
3
Let z(o) = o**2 + 7*o + 8. Suppose -4*v + 5*v - 13 = -3*m, -23 = -3*v - 5*m. Let j be 3*v/3 + -7. List the prime factors of z(j).
2
Suppose 0 = a + 5*z - 23, z = 2*a - 0*z - 2. What are the prime factors of a?
3
Let h(c) = c**3 - 3*c**2 - 5*c + 2. Let q be h(4). Let a(v) = -v**3 - v**2 + 2*v + 2. What are the prime factors of a(q)?
2
Let y be 1*(3 + -2*1). Let s(h) = -6*h + 0 + 2*h - y. What are the prime factors of s(-1)?
3
Let k(d) be the third derivative of -3*d**5/40 - d**4/8 + d**3/6 - d**2. Let t(r) be the first derivative of k(r). 